d. Suppose 0 = -4*w - 12, 3*p - 397 = -w + 95. What is the greatest common factor of l and p?
15
Let v = 29 + 1. Calculate the highest common factor of v and 20.
10
Let u = -44 - -46. Suppose -950 = -u*p - 8*p. Calculate the highest common divisor of p and 19.
19
Let x be ((-1)/2)/((-1)/90). Let n = 76 + -61. Calculate the greatest common divisor of x and n.
15
Let i = -63 - -69. Suppose -4*v = -3*l - 791, -5*l = -i*v + 9*v - 615. What is the highest common divisor of v and 25?
25
Let g be (0 + -1 + 3)*-7. Let z = g + 26. Suppose 2*u + 2*w - 116 = 0, 2*w - 2 = -6. Calculate the greatest common divisor of u and z.
12
Suppose 3*m = 5*m - 4. Suppose -m*d + 80 = -0*d. Suppose -x + 12 = -j, -x = -4*x + 2*j + d. Calculate the highest common factor of 4 and x.
4
Suppose 0 = 6*j - 15 - 15. Suppose 4*u = -3*v + 155, j*u + 57 = -4*v + 252. Calculate the greatest common divisor of u and 105.
35
Suppose -11*d + 28 = -16. Suppose 5*a = 1 + 9. Calculate the highest common factor of d and a.
2
Let f(x) = -3*x - 13. Suppose 49 = 5*g - 12*g. Let v be f(g). Suppose -v*j + 434 + 166 = 0. What is the greatest common divisor of 15 and j?
15
Suppose 2*s - 954 = -r, -2*r + s = -s - 1884. Calculate the greatest common divisor of 43 and r.
43
Let d(x) = -100*x - 150. Let k be d(-7). What is the greatest common factor of 66 and k?
22
Suppose -18 + 5 = 4*p - 5*r, -4*r = 5*p - 35. Suppose -5*c - 3*v = -4*v, -4*v = -p*c - 17. What is the greatest common divisor of c and 11?
1
Let d(f) = -53*f - 5. Let l be d(-1). Suppose 5*h = 3*k + l, 2*h - 2*k - 21 = k. What is the greatest common factor of 72 and h?
9
Suppose 5*h - 12*t = -15*t + 154, 0 = 3*h - 5*t - 106. Let w be (-80)/(-6)*(-12)/(-1). Calculate the greatest common divisor of w and h.
32
Suppose -4*r = -3*u + 870, 3*u - 3*r - 417 - 453 = 0. Calculate the greatest common factor of u and 40.
10
Let s = 123 + -71. Suppose -w - 13 = -2*w. What is the highest common factor of w and s?
13
Suppose -4*p = -b - 12, -5*p = -7*b + 3*b - 4. Suppose 0 = 9*x - b*x - 30. What is the greatest common divisor of x and 30?
6
Let t(s) = -s**3 + 2*s**2 - 1. Let u be t(-2). Let x(d) = 2*d**3 + 3*d**2 - 19*d + 5. Let v be x(4). What is the highest common divisor of v and u?
15
Suppose 144*t - 146*t = -114. What is the highest common factor of 741 and t?
57
Let w = 3268 + -3259. Let g(d) = d**2 + 99. Let c be g(0). What is the greatest common factor of c and w?
9
Suppose 0 = 2*f + 3*f - 360. Let g be (((-48)/5)/(-4))/(7/70). Calculate the highest common divisor of g and f.
24
Let t = -48 + 288. Calculate the highest common factor of 60 and t.
60
Suppose 0 = -12*x + 4*x + 224. Suppose 12*t = x + 92. What is the greatest common divisor of t and 50?
10
Let x = 1499 - 1274. What is the highest common divisor of x and 63?
9
Let o(c) = -c**2 - 44*c - 108. Let i be o(-6). Suppose -y - 5*n + 2*n + 27 = 0, 2*y - 4 = 4*n. Calculate the greatest common factor of i and y.
12
Let g = -3 + 4. Let i be ((-12)/36)/((-2)/36). Let v be (-3)/i*(-1 + -1). Calculate the highest common divisor of g and v.
1
Let r = 10 + 0. Let c be 4/10 + (-44)/r. Let v be (1 + c)/(6/(-20)). Calculate the greatest common divisor of v and 15.
5
Suppose -46*q + 90 = -43*q. Let m = -18 + q. Calculate the highest common divisor of 132 and m.
12
Let b = -1 + 22. Suppose 3*n - 5 - 4 = 0. Calculate the highest common divisor of n and b.
3
Suppose -2*w = -973 + 805. What is the highest common factor of w and 48?
12
Let x = -19 + 18. Let d(h) = -38*h + 4. Let k be d(x). Let r = -13 - -19. Calculate the highest common divisor of k and r.
6
Let o be 5/1*(-1)/(-1). Suppose -o*x + x = -80. Let f(c) = -c**2 + c + 60. Let s be f(0). Calculate the greatest common divisor of x and s.
20
Suppose -i = 3*n - 8, -3*i + n = 2*n - 16. Let d be (-3 - (i - 7)) + 1*51. What is the highest common factor of 20 and d?
10
Suppose 3*v = f + 24, 3*f - 12 = -24*v + 21*v. Calculate the highest common divisor of 63 and v.
7
Let w be (-1164)/(-60) + 12/20. What is the greatest common divisor of 4 and w?
4
Let q = -121 - -526. Let b be q/36*(-8)/(-3). Suppose 7*p - 8 = 5*p - 3*t, -2*t = 2*p - 12. What is the greatest common divisor of b and p?
10
Let z be 36/(-16)*(-32)/6. Suppose 3*f = 5*p + 252, -6*f + 5*p = -2*f - 336. Calculate the greatest common divisor of z and f.
12
Suppose 5*h - 15*h = -1210. Calculate the greatest common divisor of h and 11.
11
Let l = 1662 + -1550. What is the highest common divisor of l and 196?
28
Let u(c) = -c**2 - 19*c - 67. Let b be u(-5). Calculate the highest common factor of b and 3.
3
Suppose 0 = -8*r + r + 21. Suppose -20 = -b + 2*p, -2*p - 140 = -b - 4*b. What is the highest common factor of r and b?
3
Suppose 2*j - 2*w = -3*w + 112, -w = -j + 53. Suppose 5*a + j = 4*d, -4*d + 55 + 30 = a. What is the highest common divisor of 5 and d?
5
Suppose -2*u + 0*s = 2*s - 22, 0 = -4*u - s + 35. Let x(l) = -22*l - 6. Let o be x(-1). What is the highest common divisor of u and o?
8
Suppose -9*d + 1044 = -2610. Calculate the greatest common factor of d and 14.
14
Let b(x) = -2 + 5*x - 4 + 3. Let s be b(4). Let v(t) = t**3 - 17*t**2 - 11*t + 10. Let g be v(18). Calculate the highest common divisor of s and g.
17
Suppose 9*i - 76 = 212. What is the highest common factor of i and 112?
16
Let b be (9 - (-97 - 12)) + 1. Calculate the highest common factor of b and 91.
7
Let w(q) = -q**2 - 11*q - 12. Let s be w(-8). Let f = -7 + s. Suppose b - f*b + 36 = 0. What is the greatest common factor of b and 54?
9
Suppose 6*o - 11*o = 105. Let m = -19 - o. Calculate the greatest common factor of m and 3.
1
Let d be 237/5 + (-9)/((-360)/(-16)). Suppose 0 = 6*m - 253 - d. Let a(b) = 2*b**2 - 3*b + 1. Let g be a(3). Calculate the greatest common divisor of g and m.
10
Let k = 79 + -45. Suppose -5*f + k = -56. What is the greatest common factor of f and 18?
18
Suppose -6*z + 604 - 328 = 0. Suppose 736 = -0*t + 4*t. Calculate the highest common divisor of t and z.
46
Let f(r) = -72*r - 249. Let x be f(-4). What is the highest common divisor of 75 and x?
3
Let f = 93 + -85. Let s be (-3)/12 - 82/(-8). Suppose -o = 4*m - s, -16 = -5*o - 0*m - 3*m. What is the highest common divisor of o and f?
2
Let o = 36 + 70. Calculate the greatest common divisor of o and 159.
53
Let q be 1 - 4 - (-1 + (-68)/(-4)). Let f be 1 - (q - (3 - 2)). Calculate the greatest common divisor of 105 and f.
21
Let u be (-2)/(16/(-88))*1. Calculate the greatest common factor of u and 418.
11
Suppose -103 = -h - 99, -5*h + 46 = j. Let z = 173 - 69. Calculate the highest common factor of z and j.
26
Let u(o) = o**3 + 4*o**2 - 5*o + 2. Let i be u(-5). Suppose -2*d - 5*l + 2 = -28, 0 = -i*d - 3*l + 22. Calculate the highest common divisor of d and 2.
1
Let y be 380/55 + 2/22. Let h(t) = 6*t - 5. Let k be h(y). Calculate the highest common factor of 333 and k.
37
Suppose -4*a = -5175 - 165. What is the greatest common divisor of a and 15?
15
Let k be 1*-18*(-60)/18. Let o = 73 - 41. Let s = o + -20. What is the greatest common divisor of k and s?
12
Let q be (47/(-94))/((-1)/54). What is the greatest common divisor of 1917 and q?
27
Let i be (-2)/9 - 9325/(-45). Let q be (-6)/9*69/(-2). Calculate the highest common factor of i and q.
23
Let w = -133 - -257. Suppose 9*g = w + 155. What is the greatest common factor of 155 and g?
31
Let m be 3280/320 + (-2)/((-16)/(-10)). Let a be ((-24)/(-14))/(4/42). What is the highest common divisor of m and a?
9
Suppose -q + 4 = 2. Suppose -5*v = -3*z + 9, -2*v = -q*z + v + 6. Calculate the highest common divisor of 2 and z.
1
Let j(m) = m**3 + 5*m**2 - 4*m - 3. Let s be j(-5). Let i be (20/15)/(309/306 - 1). What is the greatest common divisor of i and s?
17
Let n be 8/(-6)*36/8. Let q be -6*n/(-9) + 13. What is the highest common factor of 1 and q?
1
Let r(q) = 14*q**2 + 19*q - 1. Let f be r(9). What is the highest common factor of 8 and f?
8
Let q(w) = -w. Let k be q(-17). Let c(g) = 21*g**2 - 2*g - 3. Let n be c(-2). Calculate the greatest common divisor of n and k.
17
Let l = -33 - -35. Suppose l*q - 1 - 11 = 0. Suppose 7*r = 5*r + q. Calculate the greatest common divisor of 21 and r.
3
Suppose -8*m + 272 = 26*m. What is the greatest common divisor of 4 and m?
4
Let f = 8453 + -8448. Let q(s) = s